q(k). What is n(b)?
30
Let q(f) = -5*f + 2. Let y(c) = 6*c - 3. Let m(d) = 4*q(d) + 3*y(d). Let i(b) = b**3 + 22*b**2 - 44*b + 98. Let n be i(-24). Give m(n).
-5
Let h be 2/(-6)*(4 + -1). Let t be (-1 + h)/(-2 + 4). Let z(g) = -7*g + 3 - 2 + 3 - 5. Give z(t).
6
Let g(u) = -3*u - 2. Let f(c) = 13*c + 9. Let z(p) = 2*f(p) + 9*g(p). Calculate z(-2).
2
Let g(v) = 2*v**2 + v - 3. Suppose -m + 2*m + 3 = 0. Calculate g(m).
12
Let i(s) = -s**2 + 12*s - 14 + 28 + 2*s**2 - 10 - 9*s. Suppose 3*m + 26 = -2*q - m, -q + m + 2 = 0. Give i(q).
4
Suppose -h = -5*p - 0*p + 20, 4*h = -2*p - 14. Let z(w) be the second derivative of w**3/6 + w**2 - 639*w. What is z(p)?
5
Suppose 2*x = -3*w - 0*w + 12, -5*x = -3*w - 9. Let s(b) = -3*b**w + 0 + 4 + 4*b**2 - 7*b + 5. Determine s(6).
3
Suppose -5*w + 8 = 3*w. Suppose -n + 3*n = 4. Let y(f) = 0 + 1 - n + 12*f**2. Give y(w).
11
Let b(x) = 3*x**3 - 13*x**2 + 15*x + 18. Let k(h) = 2*h**3 - 7*h**2 + 8*h + 10. Let z(m) = 6*b(m) - 11*k(m). What is z(1)?
-5
Let d = 19 - 11. Suppose 0 = 2*l + 2 + d. Let n(m) = 1 - 5 - 1 - 2*m**2 + m**2 - 6*m. Give n(l).
0
Let z(l) = 7*l**2 + 9*l + 14. Let j(m) = 20*m**2 + 27*m + 41. Let a(w) = 6*j(w) - 17*z(w). What is a(-6)?
-10
Let s(v) be the second derivative of -2*v**3/3 - 2*v**2 - 295*v. Determine s(3).
-16
Let b(j) = 2*j + 9. Suppose 4*m + 4*z - 8 = 4, z = 0. Let x be (-1)/m - 64/(-12). Let p(t) = t**2 - 7*t + 3. Let s be p(x). Calculate b(s).
-5
Let u(r) = -r - 1. Suppose 37 = -5*g + 2*w, -w + 0*w = -g - 8. Let q be u(g). Let f(h) = h**2 - 6*h. What is f(q)?
0
Let j(a) = 9 + a + 14 + 6 - 18. Determine j(0).
11
Suppose 0 = -6*g + 11*g. Suppose 7*h + g*h = -42. Let p(i) = -2*i - 3. Determine p(h).
9
Let k be (-4)/((-40)/38) + (-12)/15. Let n(i) be the second derivative of -1/12*i**4 + 0 - 3/2*i**2 - i**k + i. What is n(-4)?
5
Let f = 49 + -44. Let g(n) = -3*n**2 + 5*n - 5. Let y(p) = 7*p**2 - 11*p + 10. Let z(i) = f*g(i) + 2*y(i). What is z(5)?
-15
Suppose -2*m = -0 - 4. Let n(t) = t**2 + t + 1. Determine n(m).
7
Let j(l) be the third derivative of -l**6/120 + 2*l**5/15 - l**4/4 - 5*l**3/6 + 14*l**2. Let c be j(7). Let n(i) = 2*i. Determine n(c).
4
Let d(i) be the second derivative of -7*i**3/6 - 7*i**2 - 716*i. What is d(-7)?
35
Suppose 0 = -5*t - 3*g + 3, -5*t + 5*g = 3*g - 23. Let x(z) = 4 - 2 - t*z - 7. Give x(-4).
7
Let n = 1171 + -1170. Let m(c) = 4*c - 4. Determine m(n).
0
Let j(f) be the first derivative of -5 - 13*f + 0*f**2 - 10/3*f**3 - 1/4*f**4. Determine j(-10).
-13
Let k(h) = -h**3 - 7*h**2 - 10*h - 7. Let d(v) be the first derivative of v**3/3 + 7*v**2 - 21*v + 7. Let g be d(-15). Calculate k(g).
17
Let k = -45 + 54. Suppose 0*b + k*b - 11*b = 0. Let p(z) = z**3 + z**2 + z - 14. Give p(b).
-14
Let f(r) = 2*r + 3 + 2 + 2*r. Let t(v) = -v**2 + 200*v - 595. Let p be t(3). Calculate f(p).
-11
Let z(f) = 0 + f - 4 - 1 + 2. Calculate z(8).
5
Let m be (30/9)/((-1)/(-3)). Suppose -4*p = -m*p + 12. Let a(f) = -f**2 - 1 + p + f - 2*f. What is a(1)?
-1
Let t(x) = -6*x + 5*x - 8*x - 4. Let g(p) = -p**3 - 2*p**2 + 3*p + 3. Let f be g(-2). Give t(f).
23
Suppose -30 = -4*s + 38. Suppose -13*h - 12 = -s*h. Suppose 0 = a + 4*g - h, -2*g = -g. Let r(o) = -o**3 + 4*o**2 - 4. What is r(a)?
5
Let x(k) = -1 - 35*k + 24*k + 13*k + 6. Determine x(-8).
-11
Let q be (-2)/(-1) + 22/(-2). Let l(z) = -z**3 - 10*z**2 - 8*z + 3. Give l(q).
-6
Suppose -2*q = -4*l - 4, -19 = -5*q - 0*l + l. Let n = -1043 - -1045. Let a(i) = n + q*i - 11 - 3*i. Determine a(0).
-9
Let r(i) = i**3 - 6*i**2 - 6*i + 5. Let h be r(6). Let o = h + 24. Let l(y) = -y**3 - 8*y**2 - 6*y + 7. Determine l(o).
0
Let a be (1 - 42/(-12))/(15/10). Let n(b) = -2*b**3 + 4*b**2 - 2*b - 4. Calculate n(a).
-28
Let c(v) = v + 4. Suppose 6*j - 3*j - 18 = 0. Suppose -p = -j*o + 2*o + 4, -5*p = -2*o + 20. Determine c(p).
0
Let m(s) = -7*s + 7. Let r(y) = -27*y + 20. Let n(g) = 7 - 4*g - 10*g + 7 - 4. Let i(k) = 5*n(k) - 3*r(k). Let f(a) = -5*i(a) - 8*m(a). Calculate f(5).
-1
Let r(i) = -i**2 - 5. Suppose 8*a = 3*a + 10. Let c be 4/16*a*6. Suppose 4*j + 4 = 7*g - c*g, 4*g = j + 1. What is r(g)?
-5
Suppose -2 = 17*f + 15. Let u(s) = 5*s + 1. Determine u(f).
-4
Let f = 31 - 19. Suppose -u + f = 3*u. Suppose 2*s + 5 = -u*g, -2 - 13 = -3*s + 3*g. Let t(n) = -n**2 + 4*n - 3. Give t(s).
1
Suppose 51*p = 53*p - 20. Let i(b) = -b**3 + 11*b**2 - 8*b. Give i(p).
20
Let s(u) be the third derivative of -u**6/120 - u**5/15 + u**4/6 + u**3/3 + 52*u**2 + 3. Give s(-5).
7
Let s = 11 + -6. Let i(v) = -2 - s*v - v + 5 - 1 + v**2. Let w be (-2 + 0 + 1)*-5. Give i(w).
-3
Let d(t) = -5*t + t + 3 - 4 - 6. What is d(-5)?
13
Let f = 1 + 0. Let i = 22 - 17. Let u(s) = -3*s**2 - i*s - 1 - 3*s**2 + 5*s**2 - 4*s**3 + 6*s. Calculate u(f).
-5
Suppose 1 = -4*w + 53. Let r = -13 + w. Let i(j) = 0*j - j + 13 + r. Determine i(0).
13
Let t(l) = l**2 + 4*l + 1. Suppose 0 = -c - p - 8, 0 = -p - 3. Let y(u) = -2*u**2 - 8*u - 2. Let i(m) = c*t(m) - 3*y(m). Calculate i(-3).
-2
Let j(z) be the third derivative of z**5/120 - 5*z**4/8 + 11*z**3/6 - 27*z**2. Let v(y) be the first derivative of j(y). What is v(8)?
-7
Let b(l) = 3*l - 17. Suppose -3*t + 4*o = 9 - 26, o = -5*t + 36. Give b(t).
4
Let r(h) = 4*h**2 - 17*h + 3. Let u(v) = -2*v**2 + 8*v - 1. Let b(l) = -4*r(l) - 9*u(l). Give b(-3).
27
Let f(x) = -6*x - 3. Suppose 0 = -5*u - 3*h - 1 + 6, 0 = u + 3*h + 11. What is f(u)?
-27
Suppose 0 = 28*f - 27*f - 2. Let y(z) = -2 - 444*z**2 + 2*z + 445*z**f + 2*z. Calculate y(-4).
-2
Let f = -324 - -329. Let u(c) be the third derivative of c**4/24 - c**3/6 + 2*c**2. Give u(f).
4
Let u(v) be the third derivative of 5*v**4/24 + v**3/2 - 10*v**2. Let t be (-1)/((1 + -2)/3). Let p be (-3)/t - (-1)/(-1). Calculate u(p).
-7
Let g(m) = m - 2. Let x(s) = 3*s**2 + 76*s + 17. Let y be x(-25). Let a(q) = 7*q**2 - 11*q - 3*q**2 - 20 + 3*q**2 + q**3. Let r be a(y). Determine g(r).
2
Let f(n) = 13*n**3 + 4*n**2 + 3*n - 1. Let y(v) = 13*v**3 + 5*v**2 + 4*v - 1. Let b(x) = -5*f(x) + 4*y(x). Let o = -3 + 2. Calculate b(o).
13
Let r(n) be the third derivative of -n**6/120 + n**5/40 - n**4/24 + 5*n**3/3 + 30*n**2. Let v(c) be the first derivative of r(c). Determine v(2).
-7
Let v(t) = -15*t**2 - 13*t - 4. Let z(b) = 8*b**2 + 7*b + 2. Let y(a) = -3*v(a) - 5*z(a). Determine y(-2).
14
Let o(z) = -z**2 - 7*z. Let m = -9 + 33. Let b = m - 31. Calculate o(b).
0
Let k(w) = -4*w + 4. Let q(r) be the first derivative of -r**2 + 8/3*r**3 + 1/4*r**4 + 3 - 12*r. Let f be q(-8). Determine k(f).
-12
Suppose -2*i - 23*a = -22*a + 2, -i + 3*a + 6 = 0. Let g(v) be the third derivative of 5/24*v**4 + 0 + i*v + v**2 - 1/60*v**5 + 1/2*v**3. Calculate g(4).
7
Let p = -4 - -6. Let x be ((-4)/(-8))/(4/((-48)/(-3))). Let c(i) = -i**2 - 1 + 2*i**2 + p*i**x + 4*i**2. What is c(-1)?
6
Suppose 5*w + 5*k = 6*k + 240, -4*w = 3*k - 173. Let x = w + -47. Let n(z) = -z**2 + z + 10. Give n(x).
10
Suppose -12*w = -7*w - 60. Let r be 4 + 17/(-3) + (-4)/w. Let l(o) = -o**3 + o**2 - o - 2. Calculate l(r).
12
Let o(k) = -4 + 37*k**2 + 76*k**2 - 112*k**2. Determine o(0).
-4
Let p(l) be the third derivative of l**6/720 - l**5/60 - l**4/8 - 15*l**2. Let r(x) be the second derivative of p(x). Give r(4).
2
Let l(j) be the third derivative of -23*j**6/120 + j**5/60 - j**3/6 - 94*j**2. What is l(1)?
-23
Let a(j) be the first derivative of 7*j - 7/2*j**2 + 1/3*j**3 - 9. What is a(5)?
-3
Let z(j) = j**3 - j**2 + 2. Let u(l) = 5*l**3 - 13*l**2 - 3*l + 18. Let y(o) = u(o) - 6*z(o). Let k = 8 + -14. Calculate y(k).
-12
Suppose -1 = 3*r - 7. Let d(z) = -5*z**r - 2*z**3 + 2*z + z**3 - 165 + 172. Give d(-5).
-3
Let l = 234 + -236. Let g(v) = -v**3 - 2*v**2 - 2*v. Calculate g(l).
4
Let l(d) = -10*d**2 + 9*d. Let h(z) = -8*z**2 + 8*z - 1. Let t(m) = -6*h(m) + 5*l(m). Give t(-2).
4
Let w(b) = -b**2 + 7*b - 5. Let l(y) = y**3 + 5*y**2 + 2*y - 4. Let q be l(-4). Give w(q).
7
Let l(f) = -f**3 + 17*f**2 - 14*f - 36. Let y be l(16). Let t(g) = -2*g - 7. Calculate t(y).
1
Let y(z) = -5*z + 2. Let n(c) = -8*c + 4. Let t(a) = 3*n(a) - 7*y(a). Give t(-2).
-24
Suppose 16*p = 21*p - 3*n - 5, 0 = -5*p + 5*n + 15. Let x(y) = -4*y**3 - 2*y**2 - 4*y - 2. Calculate x(p).
30
Let y(w) = -8*w + 1. Let b be (-1 + 4)*(-1)/(-3). Suppose 2*j + 3*p + 3 = 0, j + 2*p + b = -0*p. Determine y(j